2*q + 3. What is k(w)?
-9
Suppose 20 = 4*b + 4*v, 3 = 3*b + 2*v - 11. Let h(k) = -k + 6. Let x be h(5). Let s(f) = 3*f - 1. Let z(i) = -i. Let n(c) = x*s(c) + 4*z(c). Determine n(b).
-5
Let m(y) = -y**3 - 6*y**2 + y + 3. Let d(b) = -b**2 - 6*b - 11. Let w be -5 + -2 + -1 + 3. Let j be d(w). Determine m(j).
-3
Let q(n) be the first derivative of -7*n**2/2 - 30*n - 378. Determine q(-6).
12
Let f(j) = j**2 - j - 8. Suppose 47*d + 71 = -117. Give f(d).
12
Suppose j - 4 + 5 = 0. Let h(o) be the first derivative of -4*o**3 - o**2/2 - o - 5. Calculate h(j).
-12
Let b = 266 - 266. Let i be (-2)/(-1)*-1 - -18. Suppose -5*w + i + 4 = 0, -m + 2*w - 15 = b. Let q(v) = -v - 7. Calculate q(m).
0
Let k(m) = 2*m - 2. Let c be k(2). Let t(l) = -9*l + 1 - 3*l**2 - 2*l**c - 3*l**2 + 1 - l**3. Give t(-7).
16
Let p(h) be the first derivative of 15*h**4/4 + 2*h**3/3 - h - 153. Give p(1).
16
Let o(y) = -y**2 + 8*y + 6. Let n be o(8). Let t(l) = -18*l**3 + 9*l**2 + l**2 + 8*l + 17*l**3 - 5*l**2. Determine t(n).
12
Let o be (1 + 1)*3/(-6) + 0. Let k(d) = -5*d**2 - 26*d - 25. Calculate k(o).
-4
Let u(k) = -k. Let f(g) = g**2 - 7. Let l(p) = 5 + 3*p**2 + 4*p**3 - 3*p**3 + 0*p**3 + 0*p**3 - 2*p. Let r be l(-4). Let h(o) = r*u(o) + f(o). What is h(-6)?
11
Let b(i) = -5*i**2 - 3*i - 5. Let f(j) = j**2 + 1. Let g(z) = b(z) + 6*f(z). What is g(8)?
41
Let q(h) = h + 7. Let d be 2 - (3/5 - (-18)/(-5)). Suppose -1 = -d*x - 26. Determine q(x).
2
Let k(m) = 3*m**2 + 2*m - 4*m**2 + 3*m - 3 - 3. Give k(4).
-2
Let d(g) be the second derivative of g**7/280 - g**5/60 + g**4/24 - g**3/2 - 7*g. Let u(b) be the second derivative of d(b). Give u(1).
2
Let o(d) = -d**2 - d + 27. Suppose 0*u - 4*u = u. Calculate o(u).
27
Let w(u) be the third derivative of -7*u**4/24 + 13*u**3/6 + 10*u**2 - 14*u. Determine w(5).
-22
Suppose 803 - 803 = -16*f. Let i(v) = -v**3 + 2*v**2 - v + 10. Determine i(f).
10
Let a(c) = -2*c**3 + 5*c**2 + 3*c - 1. Let g(i) = 3*i**3 - 6*i**2 - 4*i + 1. Let n(y) = 4*a(y) + 3*g(y). Suppose o + 600 - 599 = 0. Determine n(o).
0
Let r(a) = -1378 - 2*a**3 + 2760 - 1381 + 5*a**2 + 2*a + 3*a**3. Give r(-5).
-9
Let m(x) = -x**2 + 6*x + 2. Let n = -92 - -95. Suppose 1 = o - 4*a, o = 4*o - n*a - 12. Determine m(o).
7
Let z(n) = -n**3 - 8*n**2 - n + 2. Suppose 0 = -5*r + 153 + 27. Let i = -44 + r. Give z(i).
10
Let n(a) = a**3 - a**2. Let r be n(0). Let q(m) be the first derivative of m**2/2 + 4*m + 63. Let k be q(r). Let i(w) = 2*w**2 - 6*w + 4. Determine i(k).
12
Let k(m) = -m**2 + 5*m - 5. Let f = -68 + 9. Let w = f + 63. Determine k(w).
-1
Let m(y) = -7 + 5*y - y - 7*y - 2*y. Determine m(-5).
18
Let g = -13 - -18. Let b(p) be the first derivative of p**3/3 - 2*p**2 + 7*p + 216. Give b(g).
12
Let a(m) = -21 - 62*m**2 + 185*m**2 - 55*m**2 + 4*m - 67*m**2. What is a(-9)?
24
Let z(l) = -l + 9. Let c be z(-5). Let u(f) = 7 + 9 + f - c. Calculate u(-1).
1
Suppose 61 + 69 = 10*h. Suppose 3*j - h = -10. Let o(m) = 17*m. Give o(j).
17
Suppose -12 = -2*t - 2*t. Suppose -4*i = t*x + 12, -5*x + i - 4*i - 9 = 0. Let r(h) = -1 + 2 + x*h**2 - 11*h**2. What is r(1)?
-10
Let k(o) = -o**3 - o + 4*o**2 + o**3 + 3 - o**3. Suppose 0 = -0*m + 2*m - 6. Determine k(m).
9
Let s(n) = 7*n**2 + 41*n - 24. Let p(b) = 3*b**2 + 19*b - 11. Let l(m) = 9*p(m) - 4*s(m). Let t(g) = -1 - 1 + 4 - 2*g. Let u be t(-2). Calculate l(u).
3
Let s(u) be the second derivative of -1/6*u**4 + u**3 + 0 + u**2 - 5*u + 1/60*u**5. Let f(k) be the first derivative of s(k). Give f(4).
6
Let n(o) = 6*o - 5. Let m(v) = v - 1. Let i(b) = 11*m(b) - 2*n(b). Let l(z) = -2*z - 5. Let j = -43 + 49. Let k(s) = j*i(s) - 2*l(s). Determine k(3).
-2
Let g(x) = -x**3 + 4*x**2 - 4. Let v = -108 - -112. Suppose 6*w = -v*w + 40. Give g(w).
-4
Suppose -10 = -5*y + 15. Suppose 0 = -4*l + 16, l - 26 = -y*u - 3*l. Let k(b) = 1 - 2*b - u + 2. Give k(-1).
3
Suppose 5*a - a = -r - 25, 4*r = 2*a - 28. Let s be (r - -12)/((-6)/(-8)). Let t(w) = w**3 - 4*w**2 - 5*w. What is t(s)?
-20
Let v(p) be the second derivative of p**3/6 + p**2/2 - p - 25. Calculate v(12).
13
Let g(a) = -a**2 - 13*a + 267. Let z be g(11). Let m(w) be the third derivative of -1/6*w**z + 0*w + 0 - 10*w**2 + 1/24*w**4. Calculate m(0).
-1
Let a(s) = 3*s**2 + 34*s + 55. Let b be a(-9). Let y(g) = -g**2 - 11*g - 1. Give y(b).
23
Let y(u) = u**3 - 6*u**2 + 4*u - 7. Let l be (-135)/(-12) - 5/4. Suppose -l = -4*g + 10. Calculate y(g).
-12
Let v be (-10)/12 + ((-8050)/60)/(-35). Let d(z) be the first derivative of -z**2 - z - 4 + 2/3*z**v. Calculate d(2).
3
Let p = -1091 + 1086. Let o(j) = j**2 - 2*j - 3. Determine o(p).
32
Let n(m) = -2*m + 6 + 6*m**2 - 16*m**2 + 5*m**2 + 4*m**2 - 3*m. Let v = -16 + 10. Determine n(v).
0
Let o(a) = a**3 - 7. Let f be 0/(-6*4/8). Give o(f).
-7
Suppose 2*x = -3*v + 12, -2*v + 14 - 6 = 2*x. Suppose 0 = -7*w - 0*w + 49. Suppose 5*b + i = w, v*b - 5*i + 4 = -i. Let t(g) = -9*g - 1. What is t(b)?
-10
Let t(j) = -5 + 3*j**2 - 3 + 5 - 2*j**2. Let v = -14 + 14. Calculate t(v).
-3
Let f(j) = -j. Suppose -9 = 3*r - 33. Let o = r - -3. Suppose -9*q + o = 2. Calculate f(q).
-1
Suppose -5*c = 5*v - 25, 3*v - 2*v = 4*c - 5. Suppose 0 = -2*s + n - 1, s + 0*s - 3 = -v*n. Let p(u) = -u + 1. Determine p(s).
1
Let r(n) = n**3 + 5*n**2 + 4*n + 1. Let z be (-12 - -13)*-2*3/(-2). Suppose -5 = z*f + 7. What is r(f)?
1
Let l(i) = i**3 - 3*i**2 - 4*i + 1. Let n(w) = -w**3 + w**2 + w. Let q(u) = -l(u) - 3*n(u). Give q(1).
2
Suppose -9*c + 10*c + 3 = -3*p, 4*p + 9 = -3*c. Let a(v) = -v**3 - v - 2. Determine a(p).
-2
Let b(f) = 8*f + 3. Suppose -5*s + 35 = -5*j, -3*s + 17 = 2*j - 3*j. What is b(s)?
43
Let w = -15 + 18. Let o(m) = -2*m + w*m - 5 - 5*m. Calculate o(-6).
19
Let o(k) = 3*k. Let c(y) = 23*y - 7. Let b(h) = 3*c(h) - 21*o(h). Give b(7).
21
Suppose -25 = b - 3*r + 4, b + 2*r = -4. Let d be ((-24)/b)/(-2) + 3/(-21). Let x(g) = -5*g**3 + 1 - 12*g**3 + 0 + g. Determine x(d).
17
Suppose 15*o - 33 + 3 = 0. Let h be (0 - o)/(6/15). Let l(j) = -5*j - 2. Determine l(h).
23
Let o(j) = j - 15. Let w be o(14). Let f be (2/3)/(4/24). Let t(d) = f - 1 - 2 + 8*d. Calculate t(w).
-7
Let d(m) be the second derivative of 0 + 3*m + m**2 - 1/12*m**4 + 5/6*m**3. What is d(4)?
6
Let v(s) = 3*s**2 + s - 8. Let c(k) = -k**3 + 3*k**2 + 1. Let u(x) = c(x) + v(x). Give u(6).
-1
Let o(t) = 2*t**3 - 1. Let u be 2 + (-4 - -4) - (-7 + 8). What is o(u)?
1
Let j(u) = 4*u**2 + 6*u**3 - 37 - 5*u**3 + u + 40. Let d be (1/2)/((-5)/40). Give j(d).
-1
Let n(s) be the second derivative of -s**3/2 + s**2/2 - 68*s. Determine n(1).
-2
Suppose -v + 80 = 4*v. Let g(t) = -v - 2*t - t + 16. Determine g(1).
-3
Let x(o) = 5*o + 2. Suppose 4*y - 8*c = -7*c + 3, 5*y - 3*c + 5 = 0. Calculate x(y).
12
Let d(y) = -y - 6. Let s be 14/((-5)/(-10)*2). Let h be s/18 + (-20)/(-90). Suppose 11 = -3*x + 4*x + 4*w, -x = w + h. Calculate d(x).
-1
Let m(h) = -3*h**2 - h - 4. Let d be m(-1). Let i(x) = x**2 + 5*x - 2. Give i(d).
4
Let h(d) = -5*d**3 + d. Suppose 8 = 3*p - 2*p - 2*n, 8 = -p - 2*n. Suppose o + 3*r - 9 = p, 4*o - 5*r = 1 + 1. Suppose -4 = -o*z - z. Determine h(z).
-4
Let m(c) = c + 6. Suppose 3*n - 14 = 7. Determine m(n).
13
Suppose n - 88 = -81. Let m(l) be the second derivative of l**5/20 - 2*l**4/3 + 4*l**3/3 - 3*l**2/2 - l. Give m(n).
4
Let y be (2 + (-1)/2)*2. Let z = y - -1. Suppose -7 - 7 = 2*p - z*c, 5 = -2*p - 5*c. Let x(t) = -t**2 - 6*t - 4. Give x(p).
1
Let t(y) be the second derivative of -6*y - 3/2*y**2 + 0 - y**3 + 7/12*y**4 - 1/20*y**5. What is t(6)?
-3
Suppose -11 - 20 = 5*w - d, 2*w - d = -10. Let g(x) = -x**3 - 6*x**2 + 8*x + 12. What is g(w)?
5
Let p(k) = k**3 + 8*k**2 - 9*k + 2. Let g be p(-9). Let m(u) = 3 - 3*u + 4*u + u - u**g + 0*u. Suppose -4*n + 2*n - 5*t - 19 = 0, -2*n - t = -1. What is m(n)?
0
Let z(n) = -83*n. Let f be z(-1). Let x = 126 - f. Let o(r) = -42*r**2 + 10*r + x*r**2 - 5*r + 4. What is o(-4)?
0
Let k(u) = 3*u**2 + 3*u. Let q be k(1). Let n(y) = -y + y + q*y - 13*y + 1. Give n(1).
-6
Let y(t) = -6*t - 2. Let p(s) be the third derivative of -25*s**4/24 - 3*s**3/2 + 3*s**2. Let v(c) = 2*p(c) - 9*y(c). Suppose -9 + 3 = -2*b. Calculate v(b).
12
Suppose 0 = 23*o - 16*o. Let m(l) = l**3 - l**2 - l + 3. Calculate m(o).
3
Let h(k) = k**3 - 6*k**2 + k - 1. Suppose -4 = -3*f + 2. Suppose -2*c + 2